CRAN Package Check Results for Package seewave

Last updated on 2025-01-19 05:49:20 CET.

Flavor Version Tinstall Tcheck Ttotal Status Flags
r-devel-linux-x86_64-debian-clang 2.2.3 12.10 137.69 149.79 NOTE
r-devel-linux-x86_64-debian-gcc 2.2.3 8.12 93.66 101.78 NOTE
r-devel-linux-x86_64-fedora-clang 2.2.3 244.88 OK
r-devel-linux-x86_64-fedora-gcc 2.2.3 252.40 OK
r-devel-windows-x86_64 2.2.3 14.00 209.00 223.00 NOTE
r-patched-linux-x86_64 2.2.3 19.25 131.47 150.72 OK
r-release-linux-x86_64 2.2.3 13.01 131.96 144.97 OK
r-release-macos-arm64 2.2.3 72.00 OK
r-release-macos-x86_64 2.2.3 171.00 OK
r-release-windows-x86_64 2.2.3 15.00 209.00 224.00 OK
r-oldrel-macos-arm64 2.2.3 83.00 OK
r-oldrel-macos-x86_64 2.2.3 207.00 OK
r-oldrel-windows-x86_64 2.2.3 19.00 224.00 243.00 OK

Check Details

Version: 2.2.3
Check: Rd cross-references
Result: NOTE Found the following Rd file(s) with Rd \link{} targets missing package anchors: noisew.Rd: pulse synth.Rd: pulse synth2.Rd: pulse Please provide package anchors for all Rd \link{} targets not in the package itself and the base packages. Flavors: r-devel-linux-x86_64-debian-clang, r-devel-linux-x86_64-debian-gcc, r-devel-windows-x86_64