Last updated on 2024-04-17 13:57:43 CEST.
Flavor | Version | Tinstall | Tcheck | Ttotal | Status | Flags |
---|---|---|---|---|---|---|
r-devel-linux-x86_64-debian-clang | 2.0-3 | 28.11 | 173.54 | 201.65 | OK | |
r-devel-linux-x86_64-debian-gcc | 2.0-3 | 23.72 | 113.53 | 137.25 | OK | |
r-devel-linux-x86_64-fedora-clang | 2.0-3 | 233.40 | OK | |||
r-devel-linux-x86_64-fedora-gcc | 2.0-3 | 221.20 | OK | |||
r-prerel-macos-arm64 | 2.0-3 | 55.00 | OK | |||
r-prerel-macos-x86_64 | 2.0-3 | 175.00 | OK | |||
r-prerel-windows-x86_64 | 2.0-3 | 23.00 | 120.00 | 143.00 | OK | |
r-patched-linux-x86_64 | 2.0-3 | 23.89 | 154.52 | 178.41 | OK | |
r-release-linux-x86_64 | 2.0-3 | 26.41 | 153.35 | 179.76 | OK | |
r-release-macos-arm64 | 2.0-3 | 62.00 | OK | |||
r-release-macos-x86_64 | 2.0-3 | 152.00 | OK | |||
r-release-windows-x86_64 | 2.0-3 | 32.00 | 149.00 | 181.00 | OK | |
r-oldrel-macos-arm64 | 2.0-3 | 60.00 | NOTE | |||
r-oldrel-windows-x86_64 | 2.0-3 | 33.00 | 140.00 | 173.00 | NOTE |
Version: 2.0-3
Check: S3 generic/method consistency
Result: NOTE
Found the following apparent S3 methods exported but not registered:
model.matrix.segmented model.matrix.stepmented vcov.stepmented
See section ‘Registering S3 methods’ in the ‘Writing R Extensions’
manual.
Flavors: r-oldrel-macos-arm64, r-oldrel-windows-x86_64