CRAN Package Check Results for Package selectiveInference

Last updated on 2025-01-19 05:49:20 CET.

Flavor Version Tinstall Tcheck Ttotal Status Flags
r-devel-linux-x86_64-debian-clang 1.2.5 36.59 99.37 135.96 OK
r-devel-linux-x86_64-debian-gcc 1.2.5 23.41 70.77 94.18 OK
r-devel-linux-x86_64-fedora-clang 1.2.5 225.18 OK
r-devel-linux-x86_64-fedora-gcc 1.2.5 211.76 OK
r-devel-windows-x86_64 1.2.5 44.00 131.00 175.00 OK
r-patched-linux-x86_64 1.2.5 35.86 92.10 127.96 OK
r-release-linux-x86_64 1.2.5 35.85 93.25 129.10 OK
r-release-macos-arm64 1.2.5 57.00 OK
r-release-macos-x86_64 1.2.5 75.00 OK
r-release-windows-x86_64 1.2.5 44.00 130.00 174.00 OK
r-oldrel-macos-arm64 1.2.5 63.00 OK
r-oldrel-macos-x86_64 1.2.5 115.00 NOTE
r-oldrel-windows-x86_64 1.2.5 48.00 162.00 210.00 OK

Check Details

Version: 1.2.5
Check: package dependencies
Result: NOTE Package suggested but not available for checking: ‘Rmpfr’ Flavor: r-oldrel-macos-x86_64