CRAN Package Check Results for Package semPlot

Last updated on 2025-01-19 05:49:20 CET.

Flavor Version Tinstall Tcheck Ttotal Status Flags
r-devel-linux-x86_64-debian-clang 1.1.6 22.84 159.03 181.87 NOTE
r-devel-linux-x86_64-debian-gcc 1.1.6 16.18 109.45 125.63 NOTE
r-devel-linux-x86_64-fedora-clang 1.1.6 287.56 OK
r-devel-linux-x86_64-fedora-gcc 1.1.6 270.78 OK
r-devel-windows-x86_64 1.1.6 24.00 154.00 178.00 NOTE
r-patched-linux-x86_64 1.1.6 30.33 143.65 173.98 OK
r-release-linux-x86_64 1.1.6 22.09 145.39 167.48 OK
r-release-macos-arm64 1.1.6 82.00 OK
r-release-macos-x86_64 1.1.6 126.00 OK
r-release-windows-x86_64 1.1.6 24.00 158.00 182.00 OK
r-oldrel-macos-arm64 1.1.6 91.00 OK
r-oldrel-macos-x86_64 1.1.6 148.00 OK
r-oldrel-windows-x86_64 1.1.6 31.00 188.00 219.00 OK

Check Details

Version: 1.1.6
Check: Rd cross-references
Result: NOTE Found the following Rd file(s) with Rd \link{} targets missing package anchors: semPaths.Rd: qgraph.layout.fruchtermanreingold Please provide package anchors for all Rd \link{} targets not in the package itself and the base packages. Flavors: r-devel-linux-x86_64-debian-clang, r-devel-linux-x86_64-debian-gcc, r-devel-windows-x86_64