CRAN Package Check Results for Package seminr

Last updated on 2025-01-19 05:49:20 CET.

Flavor Version Tinstall Tcheck Ttotal Status Flags
r-devel-linux-x86_64-debian-clang 2.3.4 7.72 121.66 129.38 OK
r-devel-linux-x86_64-debian-gcc 2.3.4 4.99 80.14 85.13 OK
r-devel-linux-x86_64-fedora-clang 2.3.4 214.15 NOTE
r-devel-linux-x86_64-fedora-gcc 2.3.4 249.14 NOTE
r-devel-windows-x86_64 2.3.4 11.00 305.00 316.00 OK
r-patched-linux-x86_64 2.3.4 7.25 117.10 124.35 OK
r-release-linux-x86_64 2.3.4 5.03 116.25 121.28 OK
r-release-macos-arm64 2.3.4 106.00 OK
r-release-macos-x86_64 2.3.4 198.00 OK
r-release-windows-x86_64 2.3.4 9.00 301.00 310.00 OK
r-oldrel-macos-arm64 2.3.4 145.00 OK
r-oldrel-macos-x86_64 2.3.4 206.00 OK
r-oldrel-windows-x86_64 2.3.4 12.00 388.00 400.00 OK

Check Details

Version: 2.3.4
Check: dependencies in R code
Result: NOTE Namespaces in Imports field not imported from: ‘knitr’ ‘rmarkdown’ ‘webp’ All declared Imports should be used. Flavors: r-devel-linux-x86_64-fedora-clang, r-devel-linux-x86_64-fedora-gcc