CRAN Package Check Results for Package sendmailR

Last updated on 2025-01-19 05:49:20 CET.

Flavor Version Tinstall Tcheck Ttotal Status Flags
r-devel-linux-x86_64-debian-clang 1.4-0 1.85 22.53 24.38 NOTE
r-devel-linux-x86_64-debian-gcc 1.4-0 1.57 18.20 19.77 NOTE
r-devel-linux-x86_64-fedora-clang 1.4-0 40.85 NOTE
r-devel-linux-x86_64-fedora-gcc 1.4-0 53.19 NOTE
r-devel-windows-x86_64 1.4-0 2.00 47.00 49.00 NOTE
r-patched-linux-x86_64 1.4-0 2.01 21.73 23.74 NOTE
r-release-linux-x86_64 1.4-0 1.96 21.53 23.49 NOTE
r-release-macos-arm64 1.4-0 22.00 NOTE
r-release-macos-x86_64 1.4-0 34.00 NOTE
r-release-windows-x86_64 1.4-0 3.00 47.00 50.00 NOTE
r-oldrel-macos-arm64 1.4-0 22.00 OK
r-oldrel-macos-x86_64 1.4-0 32.00 OK
r-oldrel-windows-x86_64 1.4-0 4.00 44.00 48.00 OK

Check Details

Version: 1.4-0
Check: Rd files
Result: NOTE checkRd: (-1) sendmail_options.Rd:32-35: Lost braces in \itemize; meant \describe ? checkRd: (-1) sendmail_options.Rd:36-37: Lost braces in \itemize; meant \describe ? checkRd: (-1) sendmail_options.Rd:38-39: Lost braces in \itemize; meant \describe ? Flavors: r-devel-linux-x86_64-debian-clang, r-devel-linux-x86_64-debian-gcc, r-devel-linux-x86_64-fedora-clang, r-devel-linux-x86_64-fedora-gcc, r-devel-windows-x86_64, r-patched-linux-x86_64, r-release-linux-x86_64, r-release-macos-arm64, r-release-macos-x86_64, r-release-windows-x86_64