CRAN Package Check Results for Package sensitivity2x2xk

Last updated on 2025-01-19 05:49:20 CET.

Flavor Version Tinstall Tcheck Ttotal Status Flags
r-devel-linux-x86_64-debian-clang 1.01 2.08 20.67 22.75 OK
r-devel-linux-x86_64-debian-gcc 1.01 1.83 16.75 18.58 OK
r-devel-linux-x86_64-fedora-clang 1.01 37.53 OK
r-devel-linux-x86_64-fedora-gcc 1.01 36.08 OK
r-devel-windows-x86_64 1.01 4.00 43.00 47.00 OK
r-patched-linux-x86_64 1.01 2.47 19.85 22.32 NOTE
r-release-linux-x86_64 1.01 1.85 19.69 21.54 NOTE
r-release-macos-arm64 1.01 16.00 NOTE
r-release-macos-x86_64 1.01 22.00 NOTE
r-release-windows-x86_64 1.01 3.00 44.00 47.00 NOTE
r-oldrel-macos-arm64 1.01 18.00 NOTE
r-oldrel-macos-x86_64 1.01 23.00 NOTE
r-oldrel-windows-x86_64 1.01 3.00 40.00 43.00 NOTE

Check Details

Version: 1.01
Check: LazyData
Result: NOTE 'LazyData' is specified without a 'data' directory Flavors: r-patched-linux-x86_64, r-release-linux-x86_64, r-release-macos-arm64, r-release-macos-x86_64, r-release-windows-x86_64, r-oldrel-macos-arm64, r-oldrel-macos-x86_64, r-oldrel-windows-x86_64