Last updated on 2025-01-19 05:49:20 CET.
Flavor | Version | Tinstall | Tcheck | Ttotal | Status | Flags |
---|---|---|---|---|---|---|
r-devel-linux-x86_64-debian-clang | 0.2.3 | 398.44 | 36.11 | 434.55 | NOTE | |
r-devel-linux-x86_64-debian-gcc | 0.2.3 | 331.61 | 27.53 | 359.14 | NOTE | |
r-devel-linux-x86_64-fedora-clang | 0.2.3 | 932.27 | NOTE | |||
r-devel-linux-x86_64-fedora-gcc | 0.2.3 | 1049.03 | NOTE | |||
r-devel-windows-x86_64 | 0.2.3 | 523.00 | 92.00 | 615.00 | NOTE | |
r-patched-linux-x86_64 | 0.2.3 | 486.83 | 34.58 | 521.41 | NOTE | |
r-release-linux-x86_64 | 0.2.3 | 484.51 | 34.32 | 518.83 | NOTE | |
r-release-macos-arm64 | 0.2.3 | 185.00 | NOTE | |||
r-release-macos-x86_64 | 0.2.3 | 143.00 | NOTE | |||
r-release-windows-x86_64 | 0.2.3 | 547.00 | 87.00 | 634.00 | NOTE | |
r-oldrel-macos-arm64 | 0.2.3 | 245.00 | NOTE | |||
r-oldrel-macos-x86_64 | 0.2.3 | 443.00 | NOTE | |||
r-oldrel-windows-x86_64 | 0.2.3 | 536.00 | 107.00 | 643.00 | NOTE |
Version: 0.2.3
Check: C++ specification
Result: NOTE
Specified C++11: please drop specification unless essential
Flavors: r-devel-linux-x86_64-debian-clang, r-devel-linux-x86_64-debian-gcc, r-devel-linux-x86_64-fedora-clang, r-devel-linux-x86_64-fedora-gcc, r-devel-windows-x86_64, r-patched-linux-x86_64, r-release-linux-x86_64, r-release-macos-arm64, r-release-macos-x86_64, r-release-windows-x86_64, r-oldrel-macos-arm64, r-oldrel-macos-x86_64, r-oldrel-windows-x86_64
Version: 0.2.3
Check: installed package size
Result: NOTE
installed size is 21.5Mb
sub-directories of 1Mb or more:
libs 19.7Mb
models 1.6Mb
Flavors: r-release-macos-arm64, r-release-macos-x86_64, r-release-windows-x86_64, r-oldrel-macos-arm64, r-oldrel-macos-x86_64, r-oldrel-windows-x86_64