Last updated on 2025-01-19 05:49:20 CET.
Flavor | Version | Tinstall | Tcheck | Ttotal | Status | Flags |
---|---|---|---|---|---|---|
r-devel-linux-x86_64-debian-clang | 0.7.4 | 54.08 | 406.74 | 460.82 | OK | |
r-devel-linux-x86_64-debian-gcc | 0.7.4 | 36.47 | 318.28 | 354.75 | OK | |
r-devel-linux-x86_64-fedora-clang | 0.7.4 | 665.94 | OK | |||
r-devel-linux-x86_64-fedora-gcc | 0.7.4 | 645.69 | OK | |||
r-devel-windows-x86_64 | 0.7.4 | 57.00 | 341.00 | 398.00 | OK | |
r-patched-linux-x86_64 | 0.7.4 | 54.53 | 375.47 | 430.00 | OK | |
r-release-linux-x86_64 | 0.7.4 | 54.92 | 368.32 | 423.24 | OK | |
r-release-macos-arm64 | 0.7.4 | 190.00 | NOTE | |||
r-release-macos-x86_64 | 0.7.4 | 347.00 | NOTE | |||
r-release-windows-x86_64 | 0.7.4 | 58.00 | 323.00 | 381.00 | OK | |
r-oldrel-macos-arm64 | 0.7.4 | 205.00 | NOTE | |||
r-oldrel-macos-x86_64 | 0.7.4 | 366.00 | NOTE | |||
r-oldrel-windows-x86_64 | 0.7.4 | 71.00 | 434.00 | 505.00 | OK |
Version: 0.7.4
Check: installed package size
Result: NOTE
installed size is 6.5Mb
sub-directories of 1Mb or more:
data 1.2Mb
libs 4.4Mb
Flavors: r-release-macos-arm64, r-release-macos-x86_64, r-oldrel-macos-arm64, r-oldrel-macos-x86_64