Last updated on 2024-04-17 13:57:43 CEST.
Flavor | Version | Tinstall | Tcheck | Ttotal | Status | Flags |
---|---|---|---|---|---|---|
r-devel-linux-x86_64-debian-clang | 1.2.6 | 523.46 | 323.94 | 847.40 | OK | |
r-devel-linux-x86_64-debian-gcc | 1.2.6 | 383.36 | 239.77 | 623.13 | OK | |
r-devel-linux-x86_64-fedora-clang | 1.2.6 | 1199.38 | NOTE | |||
r-devel-linux-x86_64-fedora-gcc | 1.2.6 | 1180.49 | OK | |||
r-prerel-macos-arm64 | 1.2.6 | 232.00 | NOTE | |||
r-prerel-windows-x86_64 | 1.2.6 | 348.00 | 333.00 | 681.00 | NOTE | |
r-patched-linux-x86_64 | 1.2.6 | 360.07 | 315.17 | 675.24 | OK | |
r-release-linux-x86_64 | 1.2.6 | 348.51 | 313.66 | 662.17 | OK | |
r-release-macos-arm64 | 1.2.6 | 205.00 | NOTE | |||
r-release-macos-x86_64 | 1.2.6 | 415.00 | NOTE | |||
r-release-windows-x86_64 | 1.2.6 | 457.00 | 378.00 | 835.00 | NOTE | |
r-oldrel-macos-arm64 | 1.2.6 | 231.00 | NOTE | |||
r-oldrel-windows-x86_64 | 1.2.6 | 433.00 | 356.00 | 789.00 | NOTE |
Version: 1.2.6
Check: installed package size
Result: NOTE
installed size is 8.1Mb
sub-directories of 1Mb or more:
doc 6.4Mb
Flavors: r-devel-linux-x86_64-fedora-clang, r-prerel-macos-arm64, r-prerel-windows-x86_64, r-release-macos-arm64, r-release-macos-x86_64, r-release-windows-x86_64, r-oldrel-macos-arm64, r-oldrel-windows-x86_64