Last updated on 2025-01-19 05:49:20 CET.
Flavor | Version | Tinstall | Tcheck | Ttotal | Status | Flags |
---|---|---|---|---|---|---|
r-devel-linux-x86_64-debian-clang | 0.2.0 | 34.20 | 162.15 | 196.35 | OK | |
r-devel-linux-x86_64-debian-gcc | 0.2.0 | 21.47 | 119.20 | 140.67 | OK | |
r-devel-linux-x86_64-fedora-clang | 0.2.0 | 333.68 | OK | |||
r-devel-linux-x86_64-fedora-gcc | 0.2.0 | 309.97 | OK | |||
r-devel-windows-x86_64 | 0.2.0 | 30.00 | 184.00 | 214.00 | OK | |
r-patched-linux-x86_64 | 0.2.0 | 27.82 | 151.44 | 179.26 | OK | |
r-release-linux-x86_64 | 0.2.0 | 31.75 | 151.54 | 183.29 | OK | |
r-release-macos-arm64 | 0.2.0 | 106.00 | NOTE | |||
r-release-macos-x86_64 | 0.2.0 | 239.00 | NOTE | |||
r-release-windows-x86_64 | 0.2.0 | 30.00 | 180.00 | 210.00 | NOTE | |
r-oldrel-macos-arm64 | 0.2.0 | 97.00 | NOTE | |||
r-oldrel-macos-x86_64 | 0.2.0 | 173.00 | NOTE | |||
r-oldrel-windows-x86_64 | 0.2.0 | 43.00 | 227.00 | 270.00 | NOTE |
Version: 0.2.0
Check: installed package size
Result: NOTE
installed size is 6.8Mb
sub-directories of 1Mb or more:
R 1.1Mb
doc 5.2Mb
Flavors: r-release-macos-arm64, r-release-macos-x86_64, r-release-windows-x86_64, r-oldrel-macos-arm64, r-oldrel-macos-x86_64, r-oldrel-windows-x86_64