Last updated on 2024-05-01 16:53:10 CEST.
Flavor | Version | Tinstall | Tcheck | Ttotal | Status | Flags |
---|---|---|---|---|---|---|
r-devel-linux-x86_64-debian-clang | 0.1.0 | 8.23 | 46.47 | 54.70 | OK | |
r-devel-linux-x86_64-debian-gcc | 0.1.0 | 5.89 | 35.91 | 41.80 | OK | |
r-devel-linux-x86_64-fedora-clang | 0.1.0 | 71.31 | NOTE | |||
r-devel-linux-x86_64-fedora-gcc | 0.1.0 | 65.74 | OK | |||
r-devel-windows-x86_64 | 0.1.0 | 7.00 | 57.00 | 64.00 | OK | |
r-patched-linux-x86_64 | 0.1.0 | 6.83 | 44.33 | 51.16 | OK | |
r-release-linux-x86_64 | 0.1.0 | 6.60 | 44.37 | 50.97 | OK | |
r-release-macos-arm64 | 0.1.0 | 26.00 | OK | |||
r-release-windows-x86_64 | 0.1.0 | 7.00 | 56.00 | 63.00 | OK | |
r-oldrel-macos-arm64 | 0.1.0 | 35.00 | OK | |||
r-oldrel-macos-x86_64 | 0.1.0 | 52.00 | OK | |||
r-oldrel-windows-x86_64 | 0.1.0 | 10.00 | 63.00 | 73.00 | OK |
Version: 0.1.0
Check: Rd cross-references
Result: NOTE
Undeclared package ‘mixtox’ in Rd xrefs
Flavor: r-devel-linux-x86_64-fedora-clang