Last updated on 2024-04-17 13:57:43 CEST.
Flavor | Version | Tinstall | Tcheck | Ttotal | Status | Flags |
---|---|---|---|---|---|---|
r-devel-linux-x86_64-debian-clang | 0.6-0 | 5.98 | 66.30 | 72.28 | NOTE | |
r-devel-linux-x86_64-debian-gcc | 0.6-0 | 3.95 | 45.47 | 49.42 | NOTE | |
r-devel-linux-x86_64-fedora-clang | 0.6-0 | 85.81 | NOTE | |||
r-devel-linux-x86_64-fedora-gcc | 0.6-0 | 82.80 | NOTE | |||
r-prerel-macos-arm64 | 0.6-0 | 27.00 | NOTE | |||
r-prerel-windows-x86_64 | 0.6-0 | 5.00 | 67.00 | 72.00 | NOTE | |
r-patched-linux-x86_64 | 0.6-0 | 4.51 | 61.07 | 65.58 | NOTE | |
r-release-linux-x86_64 | 0.6-0 | 5.56 | 61.13 | 66.69 | OK | |
r-release-macos-arm64 | 0.6-0 | 28.00 | OK | |||
r-release-macos-x86_64 | 0.6-0 | 43.00 | OK | |||
r-release-windows-x86_64 | 0.6-0 | 6.00 | 73.00 | 79.00 | OK | |
r-oldrel-macos-arm64 | 0.6-0 | 27.00 | OK | |||
r-oldrel-windows-x86_64 | 0.6-0 | 6.00 | 72.00 | 78.00 | OK |
Version: 0.6-0
Check: Rd files
Result: NOTE
checkRd: (-1) bisee.Rd:127: Lost braces
127 | values including \code{x}, \code{y}, code{family}, \code{clusterID},
| ^
checkRd: (-1) hisee.Rd:101: Lost braces
101 | values including \code{x}, \code{y}, code{family}, \code{clusterID},
| ^
checkRd: (-1) isee.Rd:116: Lost braces
116 | values including \code{x}, \code{y}, code{family}, \code{clusterID},
| ^
checkRd: (-1) see.Rd:98: Lost braces
98 | values including \code{x}, \code{y}, code{family}, \code{clusterID},
| ^
Flavors: r-devel-linux-x86_64-debian-clang, r-devel-linux-x86_64-debian-gcc, r-devel-linux-x86_64-fedora-clang, r-devel-linux-x86_64-fedora-gcc, r-prerel-macos-arm64, r-prerel-windows-x86_64, r-patched-linux-x86_64