Last updated on 2025-01-19 05:49:20 CET.
Flavor | Version | Tinstall | Tcheck | Ttotal | Status | Flags |
---|---|---|---|---|---|---|
r-devel-linux-x86_64-debian-clang | 0.6-0 | 3.92 | 48.64 | 52.56 | NOTE | |
r-devel-linux-x86_64-debian-gcc | 0.6-0 | 2.97 | 33.11 | 36.08 | NOTE | |
r-devel-linux-x86_64-fedora-clang | 0.6-0 | 86.49 | NOTE | |||
r-devel-linux-x86_64-fedora-gcc | 0.6-0 | 81.64 | NOTE | |||
r-devel-windows-x86_64 | 0.6-0 | 6.00 | 70.00 | 76.00 | NOTE | |
r-patched-linux-x86_64 | 0.6-0 | 4.12 | 47.03 | 51.15 | NOTE | |
r-release-linux-x86_64 | 0.6-0 | 3.56 | 45.83 | 49.39 | NOTE | |
r-release-macos-arm64 | 0.6-0 | 27.00 | NOTE | |||
r-release-macos-x86_64 | 0.6-0 | 38.00 | NOTE | |||
r-release-windows-x86_64 | 0.6-0 | 5.00 | 72.00 | 77.00 | NOTE | |
r-oldrel-macos-arm64 | 0.6-0 | 28.00 | OK | |||
r-oldrel-macos-x86_64 | 0.6-0 | 43.00 | OK | |||
r-oldrel-windows-x86_64 | 0.6-0 | 7.00 | 79.00 | 86.00 | OK |
Version: 0.6-0
Check: Rd files
Result: NOTE
checkRd: (-1) bisee.Rd:127: Lost braces
127 | values including \code{x}, \code{y}, code{family}, \code{clusterID},
| ^
checkRd: (-1) hisee.Rd:101: Lost braces
101 | values including \code{x}, \code{y}, code{family}, \code{clusterID},
| ^
checkRd: (-1) isee.Rd:116: Lost braces
116 | values including \code{x}, \code{y}, code{family}, \code{clusterID},
| ^
checkRd: (-1) see.Rd:98: Lost braces
98 | values including \code{x}, \code{y}, code{family}, \code{clusterID},
| ^
Flavors: r-devel-linux-x86_64-debian-clang, r-devel-linux-x86_64-debian-gcc, r-devel-linux-x86_64-fedora-clang, r-devel-linux-x86_64-fedora-gcc, r-devel-windows-x86_64, r-patched-linux-x86_64, r-release-linux-x86_64, r-release-macos-arm64, r-release-macos-x86_64, r-release-windows-x86_64