CRAN Package Check Results for Package sglr

Last updated on 2025-01-19 05:49:20 CET.

Flavor Version Tinstall Tcheck Ttotal Status Flags
r-devel-linux-x86_64-debian-clang 0.8 5.59 52.93 58.52 OK
r-devel-linux-x86_64-debian-gcc 0.8 3.71 36.72 40.43 OK
r-devel-linux-x86_64-fedora-clang 0.8 93.34 NOTE
r-devel-linux-x86_64-fedora-gcc 0.8 87.45 NOTE
r-devel-windows-x86_64 0.8 10.00 65.00 75.00 OK
r-patched-linux-x86_64 0.8 5.32 47.95 53.27 OK
r-release-linux-x86_64 0.8 5.36 47.69 53.05 OK
r-release-macos-arm64 0.8 29.00 OK
r-release-macos-x86_64 0.8 46.00 OK
r-release-windows-x86_64 0.8 8.00 68.00 76.00 OK
r-oldrel-macos-arm64 0.8 29.00 OK
r-oldrel-macos-x86_64 0.8 43.00 OK
r-oldrel-windows-x86_64 0.8 6.00 75.00 81.00 OK

Check Details

Version: 0.8
Check: dependencies in R code
Result: NOTE Namespace in Imports field not imported from: ‘rlang’ All declared Imports should be used. Flavors: r-devel-linux-x86_64-fedora-clang, r-devel-linux-x86_64-fedora-gcc