Last updated on 2025-01-19 05:49:20 CET.
Flavor | Version | Tinstall | Tcheck | Ttotal | Status | Flags |
---|---|---|---|---|---|---|
r-devel-linux-x86_64-debian-clang | 0.9.6 | 10.23 | 166.00 | 176.23 | OK | |
r-devel-linux-x86_64-debian-gcc | 0.9.6 | 7.58 | 114.76 | 122.34 | OK | |
r-devel-linux-x86_64-fedora-clang | 0.9.6 | 287.17 | OK | |||
r-devel-linux-x86_64-fedora-gcc | 0.9.6 | 290.86 | OK | |||
r-devel-windows-x86_64 | 0.9.6 | 12.00 | 180.00 | 192.00 | OK | |
r-patched-linux-x86_64 | 0.9.6 | 8.98 | 157.69 | 166.67 | NOTE | |
r-release-linux-x86_64 | 0.9.6 | 8.50 | 157.28 | 165.78 | NOTE | |
r-release-macos-arm64 | 0.9.6 | 91.00 | OK | |||
r-release-macos-x86_64 | 0.9.6 | 154.00 | OK | |||
r-release-windows-x86_64 | 0.9.6 | 12.00 | 174.00 | 186.00 | OK | |
r-oldrel-macos-arm64 | 0.9.6 | 87.00 | OK | |||
r-oldrel-macos-x86_64 | 0.9.6 | 156.00 | OK | |||
r-oldrel-windows-x86_64 | 0.9.6 | 15.00 | 222.00 | 237.00 | OK |
Version: 0.9.6
Check: package dependencies
Result: NOTE
Package which this enhances but not available for checking: ‘h2o’
Flavors: r-patched-linux-x86_64, r-release-linux-x86_64