Last updated on 2024-03-27 20:50:10 CET.
Flavor | Version | Tinstall | Tcheck | Ttotal | Status | Flags |
---|---|---|---|---|---|---|
r-devel-linux-x86_64-debian-clang | 2.2 | 18.06 | 168.89 | 186.95 | NOTE | |
r-devel-linux-x86_64-debian-gcc | 2.2 | 15.29 | 124.64 | 139.93 | NOTE | |
r-devel-linux-x86_64-fedora-clang | 2.2 | 245.70 | NOTE | |||
r-devel-linux-x86_64-fedora-gcc | 2.2 | 222.91 | NOTE | |||
r-devel-windows-x86_64 | 2.2 | 16.00 | 136.00 | 152.00 | NOTE | |
r-patched-linux-x86_64 | 2.2 | 21.27 | 159.75 | 181.02 | NOTE | |
r-release-linux-x86_64 | 2.2 | 15.86 | 160.76 | 176.62 | NOTE | |
r-release-macos-arm64 | 2.2 | 64.00 | NOTE | |||
r-release-macos-x86_64 | 2.2 | 134.00 | NOTE | |||
r-release-windows-x86_64 | 2.2 | 21.00 | 179.00 | 200.00 | NOTE | |
r-oldrel-macos-arm64 | 2.2 | 66.00 | NOTE | |||
r-oldrel-windows-x86_64 | 2.2 | 22.00 | 169.00 | 191.00 | NOTE |
Version: 2.2
Check: package dependencies
Result: NOTE
Package suggested but not available for checking: ‘hydromad’
Flavors: r-devel-linux-x86_64-debian-clang, r-devel-linux-x86_64-debian-gcc, r-devel-linux-x86_64-fedora-clang, r-devel-linux-x86_64-fedora-gcc, r-devel-windows-x86_64, r-patched-linux-x86_64, r-release-linux-x86_64, r-release-macos-arm64, r-release-macos-x86_64, r-release-windows-x86_64, r-oldrel-macos-arm64, r-oldrel-windows-x86_64
Version: 2.2
Check: Rd files
Result: NOTE
checkRd: (-1) monthlyWB.Rd:41: Lost braces in \itemize; \value handles \item{}{} directly
checkRd: (-1) monthlyWB.Rd:42: Lost braces in \itemize; \value handles \item{}{} directly
checkRd: (-1) monthlyWB.Rd:43: Lost braces in \itemize; \value handles \item{}{} directly
checkRd: (-1) monthlyWB.Rd:44: Lost braces in \itemize; \value handles \item{}{} directly
checkRd: (-1) monthlyWB.Rd:45: Lost braces in \itemize; \value handles \item{}{} directly
checkRd: (-1) monthlyWB.Rd:46: Lost braces in \itemize; \value handles \item{}{} directly
checkRd: (-1) monthlyWB.Rd:47: Lost braces in \itemize; \value handles \item{}{} directly
checkRd: (-1) monthlyWB.Rd:48: Lost braces in \itemize; \value handles \item{}{} directly
Flavors: r-devel-linux-x86_64-debian-clang, r-devel-linux-x86_64-debian-gcc, r-devel-linux-x86_64-fedora-clang, r-devel-linux-x86_64-fedora-gcc, r-devel-windows-x86_64