Last updated on 2024-04-21 13:55:46 CEST.
Flavor | Version | Tinstall | Tcheck | Ttotal | Status | Flags |
---|---|---|---|---|---|---|
r-devel-linux-x86_64-debian-clang | 1.2.0 | 0.94 | 2.75 | 3.69 | ERROR | |
r-devel-linux-x86_64-debian-gcc | 1.2.0 | 2.05 | 2.05 | ERROR | ||
r-devel-linux-x86_64-fedora-clang | 1.2.0 | 899.98 | OK | |||
r-devel-linux-x86_64-fedora-gcc | 1.2.0 | 781.35 | OK | |||
r-prerel-macos-arm64 | 1.2.0 | 279.00 | OK | |||
r-prerel-macos-x86_64 | 1.2.0 | 543.00 | OK | |||
r-prerel-windows-x86_64 | 1.2.0 | 52.00 | 642.00 | 694.00 | OK | |
r-patched-linux-x86_64 | 1.2.0 | 39.00 | 714.30 | 753.30 | OK | |
r-release-linux-x86_64 | 1.2.0 | 39.19 | 738.92 | 778.11 | OK | |
r-release-macos-arm64 | 1.2.0 | 337.00 | OK | |||
r-release-macos-x86_64 | 1.2.0 | 460.00 | OK | |||
r-release-windows-x86_64 | 1.2.0 | 67.00 | 779.00 | 846.00 | OK | |
r-oldrel-macos-arm64 | 1.2.0 | 229.00 | OK | |||
r-oldrel-windows-x86_64 | 1.2.0 | 65.00 | 692.00 | 757.00 | OK |
Version: 1.2.0
Check: package dependencies
Result: ERROR
Package required but not available: ‘alakazam’
See section ‘The DESCRIPTION file’ in the ‘Writing R Extensions’
manual.
Flavors: r-devel-linux-x86_64-debian-clang, r-devel-linux-x86_64-debian-gcc