Last updated on 2025-01-19 05:49:20 CET.
Flavor | Version | Tinstall | Tcheck | Ttotal | Status | Flags |
---|---|---|---|---|---|---|
r-devel-linux-x86_64-debian-clang | 1.10.0 | 32.86 | 148.61 | 181.47 | OK | |
r-devel-linux-x86_64-debian-gcc | 1.10.0 | 24.82 | 99.58 | 124.40 | OK | |
r-devel-linux-x86_64-fedora-clang | 1.10.0 | 297.26 | OK | |||
r-devel-linux-x86_64-fedora-gcc | 1.10.0 | 274.52 | OK | |||
r-devel-windows-x86_64 | 1.10.0 | 38.00 | 196.00 | 234.00 | OK | |
r-patched-linux-x86_64 | 1.10.0 | 38.92 | 139.81 | 178.73 | OK | |
r-release-linux-x86_64 | 1.10.0 | 32.95 | 139.94 | 172.89 | OK | |
r-release-macos-arm64 | 1.10.0 | 79.00 | NOTE | |||
r-release-macos-x86_64 | 1.10.0 | 163.00 | NOTE | |||
r-release-windows-x86_64 | 1.10.0 | 36.00 | 190.00 | 226.00 | NOTE | |
r-oldrel-macos-arm64 | 1.10.0 | 86.00 | NOTE | |||
r-oldrel-macos-x86_64 | 1.10.0 | 150.00 | NOTE | |||
r-oldrel-windows-x86_64 | 1.10.0 | 47.00 | 234.00 | 281.00 | NOTE |
Version: 1.10.0
Check: installed package size
Result: NOTE
installed size is 14.2Mb
sub-directories of 1Mb or more:
R 2.1Mb
www 10.3Mb
Flavors: r-release-macos-arm64, r-release-macos-x86_64, r-release-windows-x86_64, r-oldrel-macos-arm64, r-oldrel-macos-x86_64, r-oldrel-windows-x86_64