CRAN Package Check Results for Package shiny.pwa

Last updated on 2025-01-19 05:49:20 CET.

Flavor Version Tinstall Tcheck Ttotal Status Flags
r-devel-linux-x86_64-debian-clang 0.2.1 4.76 38.01 42.77 NOTE
r-devel-linux-x86_64-debian-gcc 0.2.1 3.60 27.14 30.74 NOTE
r-devel-linux-x86_64-fedora-clang 0.2.1 67.05 NOTE
r-devel-linux-x86_64-fedora-gcc 0.2.1 61.60 NOTE
r-devel-windows-x86_64 0.2.1 7.00 56.00 63.00 NOTE
r-patched-linux-x86_64 0.2.1 4.94 34.24 39.18 NOTE
r-release-linux-x86_64 0.2.1 4.21 34.14 38.35 NOTE
r-release-macos-arm64 0.2.1 23.00 NOTE
r-release-macos-x86_64 0.2.1 32.00 NOTE
r-release-windows-x86_64 0.2.1 7.00 54.00 61.00 NOTE
r-oldrel-macos-arm64 0.2.1 25.00 NOTE
r-oldrel-macos-x86_64 0.2.1 34.00 NOTE
r-oldrel-windows-x86_64 0.2.1 8.00 64.00 72.00 NOTE

Check Details

Version: 0.2.1
Check: package subdirectories
Result: NOTE Problems with news in ‘NEWS.md’: No news entries found. Flavors: r-devel-linux-x86_64-debian-clang, r-devel-linux-x86_64-debian-gcc, r-devel-linux-x86_64-fedora-clang, r-devel-linux-x86_64-fedora-gcc, r-devel-windows-x86_64, r-patched-linux-x86_64, r-release-linux-x86_64, r-release-macos-arm64, r-release-macos-x86_64, r-release-windows-x86_64, r-oldrel-macos-arm64, r-oldrel-macos-x86_64, r-oldrel-windows-x86_64