Last updated on 2024-05-01 16:53:10 CEST.
Flavor | Version | Tinstall | Tcheck | Ttotal | Status | Flags |
---|---|---|---|---|---|---|
r-devel-linux-x86_64-debian-clang | 0.0.1 | 3.15 | 22.56 | 25.71 | NOTE | |
r-devel-linux-x86_64-debian-gcc | 0.0.1 | 2.60 | 17.77 | 20.37 | NOTE | |
r-devel-linux-x86_64-fedora-clang | 0.0.1 | 35.40 | NOTE | |||
r-devel-linux-x86_64-fedora-gcc | 0.0.1 | 30.53 | NOTE | |||
r-devel-windows-x86_64 | 0.0.1 | 4.00 | 39.00 | 43.00 | NOTE | |
r-patched-linux-x86_64 | 0.0.1 | 2.28 | 22.21 | 24.49 | NOTE | |
r-release-linux-x86_64 | 0.0.1 | 2.46 | 22.27 | 24.73 | NOTE | |
r-release-macos-arm64 | 0.0.1 | 15.00 | NOTE | |||
r-release-windows-x86_64 | 0.0.1 | 4.00 | 40.00 | 44.00 | NOTE | |
r-oldrel-macos-arm64 | 0.0.1 | 17.00 | NOTE | |||
r-oldrel-macos-x86_64 | 0.0.1 | 21.00 | NOTE | |||
r-oldrel-windows-x86_64 | 0.0.1 | 6.00 | 39.00 | 45.00 | NOTE |
Version: 0.0.1
Check: LazyData
Result: NOTE
'LazyData' is specified without a 'data' directory
Flavors: r-devel-linux-x86_64-debian-clang, r-devel-linux-x86_64-debian-gcc, r-devel-linux-x86_64-fedora-clang, r-devel-linux-x86_64-fedora-gcc, r-devel-windows-x86_64, r-patched-linux-x86_64, r-release-linux-x86_64, r-release-macos-arm64, r-release-windows-x86_64, r-oldrel-macos-arm64, r-oldrel-macos-x86_64, r-oldrel-windows-x86_64
Version: 0.0.1
Check: dependencies in R code
Result: NOTE
Namespaces in Imports field not imported from:
‘R6’ ‘shiny’
All declared Imports should be used.
Flavors: r-devel-linux-x86_64-fedora-clang, r-devel-linux-x86_64-fedora-gcc