CRAN Package Check Results for Package shinyChakraSlider

Last updated on 2025-01-19 05:49:20 CET.

Flavor Version Tinstall Tcheck Ttotal Status Flags
r-devel-linux-x86_64-debian-clang 0.1.0 3.75 28.91 32.66 OK
r-devel-linux-x86_64-debian-gcc 0.1.0 2.71 22.62 25.33 OK
r-devel-linux-x86_64-fedora-clang 0.1.0 51.56 OK
r-devel-linux-x86_64-fedora-gcc 0.1.0 49.00 OK
r-devel-windows-x86_64 0.1.0 8.00 51.00 59.00 OK
r-patched-linux-x86_64 0.1.0 3.52 27.70 31.22 NOTE
r-release-linux-x86_64 0.1.0 3.81 27.54 31.35 NOTE
r-release-macos-arm64 0.1.0 19.00 NOTE
r-release-macos-x86_64 0.1.0 28.00 NOTE
r-release-windows-x86_64 0.1.0 8.00 53.00 61.00 NOTE
r-oldrel-macos-arm64 0.1.0 19.00 NOTE
r-oldrel-macos-x86_64 0.1.0 28.00 NOTE
r-oldrel-windows-x86_64 0.1.0 8.00 53.00 61.00 NOTE

Check Details

Version: 0.1.0
Check: LazyData
Result: NOTE 'LazyData' is specified without a 'data' directory Flavors: r-patched-linux-x86_64, r-release-linux-x86_64, r-release-macos-arm64, r-release-macos-x86_64, r-release-windows-x86_64, r-oldrel-macos-arm64, r-oldrel-macos-x86_64, r-oldrel-windows-x86_64

Version: 0.1.0
Check: installed package size
Result: NOTE installed size is 9.5Mb sub-directories of 1Mb or more: www 9.4Mb Flavors: r-release-macos-arm64, r-release-macos-x86_64, r-release-windows-x86_64, r-oldrel-macos-arm64, r-oldrel-macos-x86_64, r-oldrel-windows-x86_64