CRAN Package Check Results for Package shinyKGode

Last updated on 2025-01-19 05:49:20 CET.

Flavor Version Tinstall Tcheck Ttotal Status Flags
r-devel-linux-x86_64-debian-clang 1.0.5 1.72 17.18 18.90 OK
r-devel-linux-x86_64-debian-gcc 1.0.5 1.41 14.52 15.93 OK
r-devel-linux-x86_64-fedora-clang 1.0.5 30.56 NOTE
r-devel-linux-x86_64-fedora-gcc 1.0.5 30.19 NOTE
r-devel-windows-x86_64 1.0.5 6.00 40.00 46.00 OK
r-patched-linux-x86_64 1.0.5 1.80 16.83 18.63 NOTE
r-release-linux-x86_64 1.0.5 1.75 16.43 18.18 NOTE
r-release-macos-arm64 1.0.5 14.00 NOTE
r-release-macos-x86_64 1.0.5 21.00 NOTE
r-release-windows-x86_64 1.0.5 3.00 42.00 45.00 NOTE
r-oldrel-macos-arm64 1.0.5 16.00 NOTE
r-oldrel-macos-x86_64 1.0.5 20.00 NOTE
r-oldrel-windows-x86_64 1.0.5 3.00 41.00 44.00 NOTE

Check Details

Version: 1.0.5
Check: dependencies in R code
Result: NOTE Namespaces in Imports field not imported from: ‘KGode’ ‘XML’ ‘ggplot2’ ‘gridExtra’ ‘mvtnorm’ ‘reshape2’ ‘shinyjs’ All declared Imports should be used. Flavors: r-devel-linux-x86_64-fedora-clang, r-devel-linux-x86_64-fedora-gcc

Version: 1.0.5
Check: LazyData
Result: NOTE 'LazyData' is specified without a 'data' directory Flavors: r-patched-linux-x86_64, r-release-linux-x86_64, r-release-macos-arm64, r-release-macos-x86_64, r-release-windows-x86_64, r-oldrel-macos-arm64, r-oldrel-macos-x86_64, r-oldrel-windows-x86_64