CRAN Package Check Results for Package shinyML

Last updated on 2025-01-19 05:49:20 CET.

Flavor Version Tinstall Tcheck Ttotal Status Flags
r-devel-linux-x86_64-debian-clang 1.0.1 0.36 1.71 2.07 ERROR
r-devel-linux-x86_64-debian-gcc 1.0.1 9.42 61.96 71.38 OK
r-devel-linux-x86_64-fedora-clang 1.0.1 166.07 OK
r-devel-linux-x86_64-fedora-gcc 1.0.1 152.00 OK
r-devel-windows-x86_64 1.0.1 15.00 93.00 108.00 OK
r-patched-linux-x86_64 1.0.1 0.26 1.63 1.89 ERROR
r-release-linux-x86_64 1.0.1 0.34 1.61 1.95 ERROR
r-release-macos-arm64 1.0.1 43.00 NOTE
r-release-macos-x86_64 1.0.1 68.00 NOTE
r-release-windows-x86_64 1.0.1 14.00 91.00 105.00 NOTE
r-oldrel-macos-arm64 1.0.1 44.00 NOTE
r-oldrel-macos-x86_64 1.0.1 86.00 NOTE
r-oldrel-windows-x86_64 1.0.1 19.00 110.00 129.00 NOTE

Check Details

Version: 1.0.1
Check: package dependencies
Result: ERROR Package required but not available: ‘h2o’ See section ‘The DESCRIPTION file’ in the ‘Writing R Extensions’ manual. Flavors: r-devel-linux-x86_64-debian-clang, r-patched-linux-x86_64, r-release-linux-x86_64

Version: 1.0.1
Check: LazyData
Result: NOTE 'LazyData' is specified without a 'data' directory Flavors: r-release-macos-arm64, r-release-macos-x86_64, r-release-windows-x86_64, r-oldrel-macos-arm64, r-oldrel-macos-x86_64, r-oldrel-windows-x86_64