Last updated on 2024-04-21 13:55:46 CEST.
Flavor | Version | Tinstall | Tcheck | Ttotal | Status | Flags |
---|---|---|---|---|---|---|
r-devel-linux-x86_64-debian-clang | 1.0.1 | 16.07 | 116.08 | 132.15 | NOTE | |
r-devel-linux-x86_64-debian-gcc | 1.0.1 | 13.63 | 83.45 | 97.08 | NOTE | |
r-devel-linux-x86_64-fedora-clang | 1.0.1 | 174.87 | NOTE | |||
r-devel-linux-x86_64-fedora-gcc | 1.0.1 | 161.60 | NOTE | |||
r-prerel-macos-arm64 | 1.0.1 | 43.00 | NOTE | |||
r-prerel-windows-x86_64 | 1.0.1 | 14.00 | 98.00 | 112.00 | NOTE | |
r-patched-linux-x86_64 | 1.0.1 | 10.06 | 106.99 | 117.05 | NOTE | |
r-release-linux-x86_64 | 1.0.1 | 11.25 | 109.98 | 121.23 | NOTE | |
r-release-macos-arm64 | 1.0.1 | 44.00 | NOTE | |||
r-release-macos-x86_64 | 1.0.1 | 86.00 | NOTE | |||
r-release-windows-x86_64 | 1.0.1 | 18.00 | 111.00 | 129.00 | NOTE | |
r-oldrel-macos-arm64 | 1.0.1 | 43.00 | NOTE | |||
r-oldrel-windows-x86_64 | 1.0.1 | 20.00 | 119.00 | 139.00 | NOTE |
Version: 1.0.1
Check: LazyData
Result: NOTE
'LazyData' is specified without a 'data' directory
Flavors: r-devel-linux-x86_64-debian-clang, r-devel-linux-x86_64-debian-gcc, r-devel-linux-x86_64-fedora-clang, r-devel-linux-x86_64-fedora-gcc, r-prerel-macos-arm64, r-prerel-windows-x86_64, r-patched-linux-x86_64, r-release-linux-x86_64, r-release-macos-arm64, r-release-macos-x86_64, r-release-windows-x86_64, r-oldrel-macos-arm64, r-oldrel-windows-x86_64