Last updated on 2025-01-19 05:49:20 CET.
Flavor | Version | Tinstall | Tcheck | Ttotal | Status | Flags |
---|---|---|---|---|---|---|
r-devel-linux-x86_64-debian-clang | 0.5.0 | 11.71 | 105.67 | 117.38 | OK | |
r-devel-linux-x86_64-debian-gcc | 0.5.0 | 8.05 | 72.08 | 80.13 | OK | |
r-devel-linux-x86_64-fedora-clang | 0.5.0 | 196.43 | OK | |||
r-devel-linux-x86_64-fedora-gcc | 0.5.0 | 186.66 | OK | |||
r-devel-windows-x86_64 | 0.5.0 | 13.00 | 119.00 | 132.00 | OK | |
r-patched-linux-x86_64 | 0.5.0 | 13.06 | 97.99 | 111.05 | OK | |
r-release-linux-x86_64 | 0.5.0 | 11.66 | 98.42 | 110.08 | OK | |
r-release-macos-arm64 | 0.5.0 | 214.00 | OK | |||
r-release-macos-x86_64 | 0.5.0 | 243.00 | OK | |||
r-release-windows-x86_64 | 0.5.0 | 13.00 | 109.00 | 122.00 | ERROR | |
r-oldrel-macos-arm64 | 0.5.0 | 217.00 | OK | |||
r-oldrel-macos-x86_64 | 0.5.0 | 245.00 | OK | |||
r-oldrel-windows-x86_64 | 0.5.0 | 18.00 | 140.00 | 158.00 | OK |
Version: 0.5.0
Check: tests
Result: ERROR
Running 'testthat.R' [6s]
Running the tests in 'tests/testthat.R' failed.
Complete output:
> # see https://github.com/rstudio/shinytest2/issues/351
> options(chromote.timeout = 120)
>
> library(testthat)
> library(shinyMixR)
Loading required package: shiny
Loading required package: ggplot2
> library(nlmixr2)
Loading required package: nlmixr2data
>
> test_check("shinyMixR")
Flavor: r-release-windows-x86_64