Last updated on 2025-01-19 05:49:20 CET.
Flavor | Version | Tinstall | Tcheck | Ttotal | Status | Flags |
---|---|---|---|---|---|---|
r-devel-linux-x86_64-debian-clang | 0.2 | 7.43 | 61.02 | 68.45 | OK | |
r-devel-linux-x86_64-debian-gcc | 0.2 | 5.74 | 43.15 | 48.89 | OK | |
r-devel-linux-x86_64-fedora-clang | 0.2 | 109.24 | OK | |||
r-devel-linux-x86_64-fedora-gcc | 0.2 | 100.58 | OK | |||
r-devel-windows-x86_64 | 0.2 | 9.00 | 73.00 | 82.00 | OK | |
r-patched-linux-x86_64 | 0.2 | 6.57 | 55.11 | 61.68 | NOTE | |
r-release-linux-x86_64 | 0.2 | 7.39 | 54.65 | 62.04 | NOTE | |
r-release-macos-arm64 | 0.2 | 32.00 | NOTE | |||
r-release-macos-x86_64 | 0.2 | 47.00 | NOTE | |||
r-release-windows-x86_64 | 0.2 | 11.00 | 75.00 | 86.00 | NOTE | |
r-oldrel-macos-arm64 | 0.2 | 35.00 | NOTE | |||
r-oldrel-macos-x86_64 | 0.2 | 54.00 | NOTE | |||
r-oldrel-windows-x86_64 | 0.2 | 11.00 | 79.00 | 90.00 | NOTE |
Version: 0.2
Check: LazyData
Result: NOTE
'LazyData' is specified without a 'data' directory
Flavors: r-patched-linux-x86_64, r-release-linux-x86_64, r-release-macos-arm64, r-release-macos-x86_64, r-release-windows-x86_64, r-oldrel-macos-arm64, r-oldrel-macos-x86_64, r-oldrel-windows-x86_64