Last updated on 2025-01-19 05:49:20 CET.
Flavor | Version | Tinstall | Tcheck | Ttotal | Status | Flags |
---|---|---|---|---|---|---|
r-devel-linux-x86_64-debian-clang | 1.1.0 | 5.05 | 27.64 | 32.69 | OK | |
r-devel-linux-x86_64-debian-gcc | 1.1.0 | 3.54 | 22.06 | 25.60 | OK | |
r-devel-linux-x86_64-fedora-clang | 1.1.0 | 53.03 | OK | |||
r-devel-linux-x86_64-fedora-gcc | 1.1.0 | 51.05 | OK | |||
r-devel-windows-x86_64 | 1.1.0 | 10.00 | 56.00 | 66.00 | OK | |
r-patched-linux-x86_64 | 1.1.0 | 5.00 | 26.70 | 31.70 | NOTE | |
r-release-linux-x86_64 | 1.1.0 | 4.71 | 26.30 | 31.01 | NOTE | |
r-release-macos-arm64 | 1.1.0 | 21.00 | NOTE | |||
r-release-macos-x86_64 | 1.1.0 | 30.00 | NOTE | |||
r-release-windows-x86_64 | 1.1.0 | 11.00 | 50.00 | 61.00 | NOTE | |
r-oldrel-macos-arm64 | 1.1.0 | 23.00 | NOTE | |||
r-oldrel-macos-x86_64 | 1.1.0 | 31.00 | NOTE | |||
r-oldrel-windows-x86_64 | 1.1.0 | 9.00 | 49.00 | 58.00 | NOTE |
Version: 1.1.0
Check: package dependencies
Result: NOTE
Package suggested but not available for checking: ‘uchardet’
Flavors: r-patched-linux-x86_64, r-release-linux-x86_64, r-release-macos-arm64, r-release-macos-x86_64
Version: 1.1.0
Check: LazyData
Result: NOTE
'LazyData' is specified without a 'data' directory
Flavors: r-patched-linux-x86_64, r-release-linux-x86_64, r-release-macos-arm64, r-release-macos-x86_64, r-release-windows-x86_64, r-oldrel-macos-arm64, r-oldrel-macos-x86_64, r-oldrel-windows-x86_64
Version: 1.1.0
Check: installed package size
Result: NOTE
installed size is 21.1Mb
sub-directories of 1Mb or more:
shinyApp 21.0Mb
Flavors: r-release-macos-arm64, r-release-macos-x86_64, r-release-windows-x86_64, r-oldrel-macos-arm64, r-oldrel-macos-x86_64, r-oldrel-windows-x86_64