CRAN Package Check Results for Package shinySIR

Last updated on 2025-01-19 05:49:20 CET.

Flavor Version Tinstall Tcheck Ttotal Status Flags
r-devel-linux-x86_64-debian-clang 0.1.2 7.45 53.51 60.96 OK
r-devel-linux-x86_64-debian-gcc 0.1.2 5.43 40.46 45.89 OK
r-devel-linux-x86_64-fedora-clang 0.1.2 103.70 OK
r-devel-linux-x86_64-fedora-gcc 0.1.2 106.27 OK
r-devel-windows-x86_64 0.1.2 11.00 74.00 85.00 OK
r-patched-linux-x86_64 0.1.2 6.81 50.79 57.60 NOTE
r-release-linux-x86_64 0.1.2 6.39 51.35 57.74 NOTE
r-release-macos-arm64 0.1.2 37.00 NOTE
r-release-macos-x86_64 0.1.2 55.00 NOTE
r-release-windows-x86_64 0.1.2 10.00 72.00 82.00 NOTE
r-oldrel-macos-arm64 0.1.2 49.00 NOTE
r-oldrel-macos-x86_64 0.1.2 54.00 NOTE
r-oldrel-windows-x86_64 0.1.2 12.00 86.00 98.00 NOTE

Check Details

Version: 0.1.2
Check: LazyData
Result: NOTE 'LazyData' is specified without a 'data' directory Flavors: r-patched-linux-x86_64, r-release-linux-x86_64, r-release-macos-arm64, r-release-macos-x86_64, r-release-windows-x86_64, r-oldrel-macos-arm64, r-oldrel-macos-x86_64, r-oldrel-windows-x86_64