CRAN Package Check Results for Package shinymaterial

Last updated on 2025-01-19 05:49:20 CET.

Flavor Version Tinstall Tcheck Ttotal Status Flags
r-devel-linux-x86_64-debian-clang 1.2.0 3.08 25.83 28.91 OK
r-devel-linux-x86_64-debian-gcc 1.2.0 2.44 20.37 22.81 OK
r-devel-linux-x86_64-fedora-clang 1.2.0 47.06 OK
r-devel-linux-x86_64-fedora-gcc 1.2.0 45.26 OK
r-devel-windows-x86_64 1.2.0 6.00 55.00 61.00 OK
r-patched-linux-x86_64 1.2.0 3.44 25.00 28.44 NOTE
r-release-linux-x86_64 1.2.0 3.01 24.81 27.82 NOTE
r-release-macos-arm64 1.2.0 20.00 NOTE
r-release-macos-x86_64 1.2.0 30.00 NOTE
r-release-windows-x86_64 1.2.0 7.00 57.00 64.00 NOTE
r-oldrel-macos-arm64 1.2.0 20.00 NOTE
r-oldrel-macos-x86_64 1.2.0 28.00 NOTE
r-oldrel-windows-x86_64 1.2.0 6.00 55.00 61.00 NOTE

Check Details

Version: 1.2.0
Check: LazyData
Result: NOTE 'LazyData' is specified without a 'data' directory Flavors: r-patched-linux-x86_64, r-release-linux-x86_64, r-release-macos-arm64, r-release-macos-x86_64, r-release-windows-x86_64, r-oldrel-macos-arm64, r-oldrel-macos-x86_64, r-oldrel-windows-x86_64