CRAN Package Check Results for Package shinythemes

Last updated on 2019-10-19 12:47:47 CEST.

Flavor Version Tinstall Tcheck Ttotal Status Flags
r-devel-linux-x86_64-debian-clang 1.1.2 2.88 24.57 27.45 OK
r-devel-linux-x86_64-debian-gcc 1.1.2 2.44 19.66 22.10 OK
r-devel-linux-x86_64-fedora-clang 1.1.2 35.34 OK
r-devel-linux-x86_64-fedora-gcc 1.1.2 32.52 OK
r-devel-windows-ix86+x86_64 1.1.2 8.00 60.00 68.00 OK
r-patched-linux-x86_64 1.1.2 2.57 23.55 26.12 OK
r-patched-solaris-x86 1.1.2 55.00 OK
r-release-linux-x86_64 1.1.2 2.76 24.08 26.84 OK
r-release-windows-ix86+x86_64 1.1.2 2.00 4.00 6.00 ERROR
r-release-osx-x86_64 1.1.2 OK
r-oldrel-windows-ix86+x86_64 1.1.2 5.00 37.00 42.00 OK
r-oldrel-osx-x86_64 1.1.2 OK

Check Details

Version: 1.1.2
Check: whether package can be installed
Result: ERROR
    Installation failed.
Flavor: r-release-windows-ix86+x86_64