Last updated on 2025-01-19 05:49:20 CET.
Flavor | Version | Tinstall | Tcheck | Ttotal | Status | Flags |
---|---|---|---|---|---|---|
r-devel-linux-x86_64-debian-clang | 0.8.2 | 15.63 | 162.47 | 178.10 | OK | |
r-devel-linux-x86_64-debian-gcc | 0.8.2 | 11.12 | 113.78 | 124.90 | OK | |
r-devel-linux-x86_64-fedora-clang | 0.8.2 | 289.89 | OK | |||
r-devel-linux-x86_64-fedora-gcc | 0.8.2 | 284.34 | OK | |||
r-devel-windows-x86_64 | 0.8.2 | 21.00 | 199.00 | 220.00 | OK | |
r-patched-linux-x86_64 | 0.8.2 | 19.24 | 152.27 | 171.51 | OK | |
r-release-linux-x86_64 | 0.8.2 | 14.95 | 152.17 | 167.12 | OK | |
r-release-macos-arm64 | 0.8.2 | 89.00 | OK | |||
r-release-macos-x86_64 | 0.8.2 | 127.00 | WARN | |||
r-release-windows-x86_64 | 0.8.2 | 22.00 | 206.00 | 228.00 | OK | |
r-oldrel-macos-arm64 | 0.8.2 | 94.00 | OK | |||
r-oldrel-macos-x86_64 | 0.8.2 | 154.00 | OK | |||
r-oldrel-windows-x86_64 | 0.8.2 | 18.00 | 220.00 | 238.00 | OK |
Version: 0.8.2
Check: re-building of vignette outputs
Result: WARN
Error(s) in re-building vignettes:
...
--- re-building ‘shotGroups.Rnw’ using knitr
Error: processing vignette 'shotGroups.Rnw' failed with diagnostics:
Running 'texi2dvi' on 'shotGroups.tex' failed.
LaTeX errors:
! Undefined control sequence.
l.183 \hlkwd{library}\hldef
{(shotGroups,} \hlkwc{verbose}\hldef{=}\hlnum{FAL...
?
! Emergency stop.
l.183
End of file on the terminal!
! ==> Fatal error occurred, no output PDF file produced!
--- failed re-building ‘shotGroups.Rnw’
SUMMARY: processing the following file failed:
‘shotGroups.Rnw’
Error: Vignette re-building failed.
Execution halted
Flavor: r-release-macos-x86_64