Last updated on 2025-10-13 14:50:00 CEST.
| Flavor | Version | Tinstall | Tcheck | Ttotal | Status | Flags | 
|---|---|---|---|---|---|---|
| r-devel-linux-x86_64-debian-clang | 0.1.0 | 1.78 | 19.08 | 20.86 | NOTE | |
| r-devel-linux-x86_64-debian-gcc | 0.1.0 | 1.46 | 15.43 | 16.89 | NOTE | |
| r-devel-linux-x86_64-fedora-clang | 0.1.0 | 30.80 | OK | |||
| r-devel-linux-x86_64-fedora-gcc | 0.1.0 | 29.14 | OK | |||
| r-devel-windows-x86_64 | 0.1.0 | 3.00 | 40.00 | 43.00 | OK | |
| r-patched-linux-x86_64 | 0.1.0 | 1.81 | 18.16 | 19.97 | OK | |
| r-release-linux-x86_64 | 0.1.0 | 1.79 | 18.15 | 19.94 | OK | |
| r-release-macos-arm64 | 0.1.0 | 15.00 | OK | |||
| r-release-macos-x86_64 | 0.1.0 | 22.00 | OK | |||
| r-release-windows-x86_64 | 0.1.0 | 3.00 | 41.00 | 44.00 | OK | |
| r-oldrel-macos-arm64 | 0.1.0 | 14.00 | NOTE | |||
| r-oldrel-macos-x86_64 | 0.1.0 | 28.00 | NOTE | |||
| r-oldrel-windows-x86_64 | 0.1.0 | 2.00 | 39.00 | 41.00 | NOTE | 
Version: 0.1.0
Check: CRAN incoming feasibility
Result: NOTE
  Maintainer: ‘Kyle Caudle <kyle.caudle@sdsmt.edu>’
  
  No Authors@R field in DESCRIPTION.
  Please add one, modifying
    Authors@R: person(given = "Kyle",
                      family = "Caudle",
                      role = c("aut", "cre"),
                      email = "kyle.caudle@sdsmt.edu")
  as necessary.
Flavors: r-devel-linux-x86_64-debian-clang, r-devel-linux-x86_64-debian-gcc
Version: 0.1.0
Check: LazyData
Result: NOTE
    'LazyData' is specified without a 'data' directory
Flavors: r-oldrel-macos-arm64, r-oldrel-macos-x86_64, r-oldrel-windows-x86_64