Last updated on 2025-01-19 05:49:20 CET.
Flavor | Version | Tinstall | Tcheck | Ttotal | Status | Flags |
---|---|---|---|---|---|---|
r-devel-linux-x86_64-debian-clang | 0.2.4 | 2.79 | 88.31 | 91.10 | OK | |
r-devel-linux-x86_64-debian-gcc | 0.2.4 | 2.14 | 59.95 | 62.09 | OK | |
r-devel-linux-x86_64-fedora-clang | 0.2.4 | 148.68 | NOTE | |||
r-devel-linux-x86_64-fedora-gcc | 0.2.4 | 153.13 | NOTE | |||
r-devel-windows-x86_64 | 0.2.4 | 6.00 | 105.00 | 111.00 | OK | |
r-patched-linux-x86_64 | 0.2.4 | 2.89 | 81.05 | 83.94 | OK | |
r-release-linux-x86_64 | 0.2.4 | 2.84 | 80.70 | 83.54 | OK | |
r-release-macos-arm64 | 0.2.4 | 49.00 | OK | |||
r-release-macos-x86_64 | 0.2.4 | 72.00 | OK | |||
r-release-windows-x86_64 | 0.2.4 | 5.00 | 101.00 | 106.00 | OK | |
r-oldrel-macos-arm64 | 0.2.4 | 51.00 | OK | |||
r-oldrel-macos-x86_64 | 0.2.4 | 77.00 | OK | |||
r-oldrel-windows-x86_64 | 0.2.4 | 6.00 | 115.00 | 121.00 | OK |
Version: 0.2.4
Check: dependencies in R code
Result: NOTE
Namespace in Imports field not imported from: ‘dplyr’
All declared Imports should be used.
Flavors: r-devel-linux-x86_64-fedora-clang, r-devel-linux-x86_64-fedora-gcc