CRAN Package Check Results for Package sigminer

Last updated on 2025-01-19 05:49:20 CET.

Flavor Version Tinstall Tcheck Ttotal Status Flags
r-devel-linux-x86_64-debian-clang 2.3.1 35.02 211.56 246.58 OK
r-devel-linux-x86_64-debian-gcc 2.3.1 21.47 144.55 166.02 OK
r-devel-linux-x86_64-fedora-clang 2.3.1 443.05 OK
r-devel-linux-x86_64-fedora-gcc 2.3.1 413.58 OK
r-devel-windows-x86_64 2.3.1 43.00 234.00 277.00 OK
r-patched-linux-x86_64 2.3.1 34.10 192.68 226.78 OK
r-release-linux-x86_64 2.3.1 33.03 193.88 226.91 OK
r-release-macos-arm64 2.3.1 67.00 NOTE
r-release-macos-x86_64 2.3.1 151.00 NOTE
r-release-windows-x86_64 2.3.1 41.00 223.00 264.00 NOTE
r-oldrel-macos-arm64 2.3.1 78.00 NOTE
r-oldrel-macos-x86_64 2.3.1 121.00 NOTE
r-oldrel-windows-x86_64 2.3.1 48.00 293.00 341.00 NOTE

Check Details

Version: 2.3.1
Check: package dependencies
Result: NOTE Package suggested but not available for checking: ‘BSgenome.Hsapiens.UCSC.hg19’ Flavors: r-release-macos-arm64, r-release-macos-x86_64, r-oldrel-macos-arm64, r-oldrel-macos-x86_64

Version: 2.3.1
Check: installed package size
Result: NOTE installed size is 6.0Mb sub-directories of 1Mb or more: extdata 1.0Mb help 1.7Mb Flavors: r-release-macos-arm64, r-release-macos-x86_64, r-release-windows-x86_64, r-oldrel-macos-arm64, r-oldrel-macos-x86_64, r-oldrel-windows-x86_64