CRAN Package Check Results for Package signs

Last updated on 2025-01-19 05:49:20 CET.

Flavor Version Tinstall Tcheck Ttotal Status Flags
r-devel-linux-x86_64-debian-clang 0.1.2 3.01 40.21 43.22 OK
r-devel-linux-x86_64-debian-gcc 0.1.2 2.20 31.09 33.29 OK
r-devel-linux-x86_64-fedora-clang 0.1.2 70.38 OK
r-devel-linux-x86_64-fedora-gcc 0.1.2 81.48 OK
r-devel-windows-x86_64 0.1.2 4.00 60.00 64.00 OK
r-patched-linux-x86_64 0.1.2 2.86 38.75 41.61 NOTE
r-release-linux-x86_64 0.1.2 2.47 38.62 41.09 NOTE
r-release-macos-arm64 0.1.2 28.00 NOTE
r-release-macos-x86_64 0.1.2 44.00 NOTE
r-release-windows-x86_64 0.1.2 5.00 58.00 63.00 NOTE
r-oldrel-macos-arm64 0.1.2 30.00 NOTE
r-oldrel-macos-x86_64 0.1.2 44.00 NOTE
r-oldrel-windows-x86_64 0.1.2 5.00 62.00 67.00 NOTE

Check Details

Version: 0.1.2
Check: LazyData
Result: NOTE 'LazyData' is specified without a 'data' directory Flavors: r-patched-linux-x86_64, r-release-linux-x86_64, r-release-macos-arm64, r-release-macos-x86_64, r-release-windows-x86_64, r-oldrel-macos-arm64, r-oldrel-macos-x86_64, r-oldrel-windows-x86_64