CRAN Package Check Results for Package sigora

Last updated on 2025-01-19 05:49:20 CET.

Flavor Version Tinstall Tcheck Ttotal Status Flags
r-devel-linux-x86_64-debian-clang 3.1.1 2.43 45.03 47.46 NOTE
r-devel-linux-x86_64-debian-gcc 3.1.1 1.77 31.09 32.86 NOTE
r-devel-linux-x86_64-fedora-clang 3.1.1 75.81 NOTE
r-devel-linux-x86_64-fedora-gcc 3.1.1 117.73 NOTE
r-devel-windows-x86_64 3.1.1 3.00 75.00 78.00 NOTE
r-patched-linux-x86_64 3.1.1 2.66 42.73 45.39 NOTE
r-release-linux-x86_64 3.1.1 2.31 42.76 45.07 NOTE
r-release-macos-arm64 3.1.1 37.00 NOTE
r-release-macos-x86_64 3.1.1 68.00 NOTE
r-release-windows-x86_64 3.1.1 3.00 78.00 81.00 NOTE
r-oldrel-macos-arm64 3.1.1 42.00 NOTE
r-oldrel-macos-x86_64 3.1.1 66.00 NOTE
r-oldrel-windows-x86_64 3.1.1 4.00 81.00 85.00 NOTE

Check Details

Version: 3.1.1
Check: package subdirectories
Result: NOTE Problems with news in ‘NEWS.md’: No news entries found. Flavors: r-devel-linux-x86_64-debian-clang, r-devel-linux-x86_64-debian-gcc, r-devel-linux-x86_64-fedora-clang, r-devel-linux-x86_64-fedora-gcc, r-devel-windows-x86_64, r-patched-linux-x86_64, r-release-linux-x86_64, r-release-macos-arm64, r-release-macos-x86_64, r-release-windows-x86_64, r-oldrel-macos-arm64, r-oldrel-macos-x86_64, r-oldrel-windows-x86_64