Last updated on 2024-04-17 13:57:44 CEST.
Flavor | Version | Tinstall | Tcheck | Ttotal | Status | Flags |
---|---|---|---|---|---|---|
r-devel-linux-x86_64-debian-clang | 3.0.2 | 43.62 | 470.90 | 514.52 | NOTE | |
r-devel-linux-x86_64-debian-gcc | 3.0.2 | 34.07 | 337.39 | 371.46 | NOTE | |
r-devel-linux-x86_64-fedora-clang | 3.0.2 | 671.77 | NOTE | |||
r-devel-linux-x86_64-fedora-gcc | 3.0.2 | 624.91 | NOTE | |||
r-prerel-macos-arm64 | 3.0.2 | 161.00 | NOTE | |||
r-prerel-windows-x86_64 | 3.0.2 | 32.00 | 322.00 | 354.00 | NOTE | |
r-patched-linux-x86_64 | 3.0.2 | 41.39 | 441.06 | 482.45 | NOTE | |
r-release-linux-x86_64 | 3.0.2 | 33.29 | 445.23 | 478.52 | OK | |
r-release-macos-arm64 | 3.0.2 | 170.00 | OK | |||
r-release-macos-x86_64 | 3.0.2 | 296.00 | OK | |||
r-release-windows-x86_64 | 3.0.2 | 46.00 | 435.00 | 481.00 | OK | |
r-oldrel-macos-arm64 | 3.0.2 | 164.00 | OK | |||
r-oldrel-windows-x86_64 | 3.0.2 | 46.00 | 422.00 | 468.00 | OK |
Version: 3.0.2
Check: Rd files
Result: NOTE
checkRd: (-1) siland.Rd:64: Lost braces; missing escapes or markup?
64 | \item x_{l,i}, local variable l,
| ^
checkRd: (-1) siland.Rd:70: Lost braces; missing escapes or markup?
70 | \item d_{r,i} the distance between the center of pixel r and the observation at site i.
| ^
Flavors: r-devel-linux-x86_64-debian-clang, r-devel-linux-x86_64-debian-gcc, r-devel-linux-x86_64-fedora-clang, r-devel-linux-x86_64-fedora-gcc, r-prerel-macos-arm64, r-prerel-windows-x86_64, r-patched-linux-x86_64