Last updated on 2024-04-21 13:55:46 CEST.
Flavor | Version | Tinstall | Tcheck | Ttotal | Status | Flags |
---|---|---|---|---|---|---|
r-devel-linux-x86_64-debian-clang | 2.1.3 | 94.65 | 172.40 | 267.05 | OK | |
r-devel-linux-x86_64-debian-gcc | 2.1.3 | 72.18 | 126.00 | 198.18 | OK | |
r-devel-linux-x86_64-fedora-clang | 2.1.3 | 362.13 | OK | |||
r-devel-linux-x86_64-fedora-gcc | 2.1.3 | 329.68 | OK | |||
r-prerel-macos-arm64 | 2.1.3 | 81.00 | NOTE | |||
r-prerel-windows-x86_64 | 2.1.3 | 76.00 | 167.00 | 243.00 | OK | |
r-patched-linux-x86_64 | 2.1.3 | 79.33 | 170.50 | 249.83 | OK | |
r-release-linux-x86_64 | 2.1.3 | 77.08 | 170.35 | 247.43 | OK | |
r-release-macos-arm64 | 2.1.3 | 88.00 | NOTE | |||
r-release-macos-x86_64 | 2.1.3 | 198.00 | NOTE | |||
r-release-windows-x86_64 | 2.1.3 | 92.00 | 212.00 | 304.00 | OK | |
r-oldrel-macos-arm64 | 2.1.3 | 82.00 | NOTE | |||
r-oldrel-windows-x86_64 | 2.1.3 | 91.00 | 191.00 | 282.00 | OK |
Version: 2.1.3
Check: installed package size
Result: NOTE
installed size is 5.5Mb
sub-directories of 1Mb or more:
data 2.0Mb
libs 2.5Mb
Flavors: r-prerel-macos-arm64, r-release-macos-arm64, r-release-macos-x86_64, r-oldrel-macos-arm64