Last updated on 2025-01-19 05:49:21 CET.
Flavor | Version | Tinstall | Tcheck | Ttotal | Status | Flags |
---|---|---|---|---|---|---|
r-devel-linux-x86_64-debian-clang | 1.2.7 | 39.63 | 49.13 | 88.76 | OK | |
r-devel-linux-x86_64-debian-gcc | 1.2.7 | 25.01 | 35.80 | 60.81 | OK | |
r-devel-linux-x86_64-fedora-clang | 1.2.7 | 143.82 | OK | |||
r-devel-linux-x86_64-fedora-gcc | 1.2.7 | 97.70 | OK | |||
r-devel-windows-x86_64 | 1.2.7 | 35.00 | 99.00 | 134.00 | OK | |
r-patched-linux-x86_64 | 1.2.7 | 35.28 | 45.88 | 81.16 | OK | |
r-release-linux-x86_64 | 1.2.7 | 32.70 | 45.65 | 78.35 | OK | |
r-release-macos-arm64 | 1.2.7 | 46.00 | NOTE | |||
r-release-macos-x86_64 | 1.2.7 | 77.00 | NOTE | |||
r-release-windows-x86_64 | 1.2.7 | 38.00 | 97.00 | 135.00 | OK | |
r-oldrel-macos-arm64 | 1.2.7 | 52.00 | NOTE | |||
r-oldrel-macos-x86_64 | 1.2.7 | 74.00 | NOTE | |||
r-oldrel-windows-x86_64 | 1.2.7 | 47.00 | 112.00 | 159.00 | OK |
Version: 1.2.7
Check: installed package size
Result: NOTE
installed size is 5.1Mb
sub-directories of 1Mb or more:
libs 4.7Mb
Flavors: r-release-macos-arm64, r-release-macos-x86_64, r-oldrel-macos-arm64, r-oldrel-macos-x86_64