Last updated on 2025-01-19 05:49:21 CET.
Flavor | Version | Tinstall | Tcheck | Ttotal | Status | Flags |
---|---|---|---|---|---|---|
r-devel-linux-x86_64-debian-clang | 0.8-14 | 7.89 | 79.07 | 86.96 | NOTE | |
r-devel-linux-x86_64-debian-gcc | 0.8-14 | 4.43 | 54.90 | 59.33 | NOTE | |
r-devel-linux-x86_64-fedora-clang | 0.8-14 | 139.76 | OK | |||
r-devel-linux-x86_64-fedora-gcc | 0.8-14 | 146.11 | OK | |||
r-devel-windows-x86_64 | 0.8-14 | 11.00 | 140.00 | 151.00 | NOTE | |
r-patched-linux-x86_64 | 0.8-14 | 9.66 | 74.68 | 84.34 | OK | |
r-release-linux-x86_64 | 0.8-14 | 7.17 | 75.56 | 82.73 | OK | |
r-release-macos-arm64 | 0.8-14 | 47.00 | OK | |||
r-release-macos-x86_64 | 0.8-14 | 81.00 | OK | |||
r-release-windows-x86_64 | 0.8-14 | 9.00 | 155.00 | 164.00 | OK | |
r-oldrel-macos-arm64 | 0.8-14 | 56.00 | OK | |||
r-oldrel-macos-x86_64 | 0.8-14 | 95.00 | OK | |||
r-oldrel-windows-x86_64 | 0.8-14 | 9.00 | 143.00 | 152.00 | OK |
Version: 0.8-14
Check: Rd cross-references
Result: NOTE
Found the following Rd file(s) with Rd \link{} targets missing package
anchors:
plot-methods.Rd: plot.deSolve
Please provide package anchors for all Rd \link{} targets not in the
package itself and the base packages.
Flavors: r-devel-linux-x86_64-debian-clang, r-devel-linux-x86_64-debian-gcc, r-devel-windows-x86_64