CRAN Package Check Results for Package simgof

Last updated on 2025-01-19 05:49:21 CET.

Flavor Version Tinstall Tcheck Ttotal Status Flags
r-devel-linux-x86_64-debian-clang 1.0.2 1.97 17.78 19.75 OK
r-devel-linux-x86_64-debian-gcc 1.0.2 1.67 14.30 15.97 OK
r-devel-linux-x86_64-fedora-clang 1.0.2 32.45 OK
r-devel-linux-x86_64-fedora-gcc 1.0.2 31.51 OK
r-devel-windows-x86_64 1.0.2 2.00 42.00 44.00 OK
r-patched-linux-x86_64 1.0.2 1.69 17.20 18.89 NOTE
r-release-linux-x86_64 1.0.2 1.84 17.14 18.98 NOTE
r-release-macos-arm64 1.0.2 15.00 NOTE
r-release-macos-x86_64 1.0.2 21.00 NOTE
r-release-windows-x86_64 1.0.2 4.00 43.00 47.00 NOTE
r-oldrel-macos-arm64 1.0.2 15.00 NOTE
r-oldrel-macos-x86_64 1.0.2 19.00 NOTE
r-oldrel-windows-x86_64 1.0.2 4.00 40.00 44.00 NOTE

Check Details

Version: 1.0.2
Check: LazyData
Result: NOTE 'LazyData' is specified without a 'data' directory Flavors: r-patched-linux-x86_64, r-release-linux-x86_64, r-release-macos-arm64, r-release-macos-x86_64, r-release-windows-x86_64, r-oldrel-macos-arm64, r-oldrel-macos-x86_64, r-oldrel-windows-x86_64