Last updated on 2025-01-19 05:49:21 CET.
Flavor | Version | Tinstall | Tcheck | Ttotal | Status | Flags |
---|---|---|---|---|---|---|
r-devel-linux-x86_64-debian-clang | 4.4.7 | 69.20 | 113.17 | 182.37 | OK | |
r-devel-linux-x86_64-debian-gcc | 4.4.7 | 61.72 | 83.09 | 144.81 | OK | |
r-devel-linux-x86_64-fedora-clang | 4.4.7 | 330.87 | OK | |||
r-devel-linux-x86_64-fedora-gcc | 4.4.7 | 366.67 | OK | |||
r-devel-windows-x86_64 | 4.4.7 | 78.00 | 191.00 | 269.00 | OK | |
r-patched-linux-x86_64 | 4.4.7 | 83.54 | 107.37 | 190.91 | OK | |
r-release-linux-x86_64 | 4.4.7 | 84.53 | 106.33 | 190.86 | OK | |
r-release-macos-arm64 | 4.4.7 | 118.00 | NOTE | |||
r-release-macos-x86_64 | 4.4.7 | 199.00 | NOTE | |||
r-release-windows-x86_64 | 4.4.7 | 82.00 | 187.00 | 269.00 | OK | |
r-oldrel-macos-arm64 | 4.4.7 | 114.00 | NOTE | |||
r-oldrel-macos-x86_64 | 4.4.7 | 191.00 | NOTE | |||
r-oldrel-windows-x86_64 | 4.4.7 | 91.00 | 210.00 | 301.00 | OK |
Version: 4.4.7
Check: installed package size
Result: NOTE
installed size is 14.9Mb
sub-directories of 1Mb or more:
doc 1.5Mb
libs 12.8Mb
Flavors: r-release-macos-arm64, r-release-macos-x86_64, r-oldrel-macos-arm64, r-oldrel-macos-x86_64