Last updated on 2024-04-17 13:57:44 CEST.
Flavor | Version | Tinstall | Tcheck | Ttotal | Status | Flags |
---|---|---|---|---|---|---|
r-devel-linux-x86_64-debian-clang | 4.4.6.3 | 93.13 | 147.48 | 240.61 | OK | |
r-devel-linux-x86_64-debian-gcc | 4.4.6.3 | 85.53 | 110.20 | 195.73 | OK | |
r-devel-linux-x86_64-fedora-clang | 4.4.6.3 | 340.69 | OK | |||
r-devel-linux-x86_64-fedora-gcc | 4.4.6.3 | 358.99 | OK | |||
r-prerel-macos-arm64 | 4.4.6.3 | 97.00 | NOTE | |||
r-prerel-windows-x86_64 | 4.4.6.3 | 79.00 | 186.00 | 265.00 | OK | |
r-patched-linux-x86_64 | 4.4.6.3 | 105.14 | 142.02 | 247.16 | OK | |
r-release-linux-x86_64 | 4.4.6.3 | 101.07 | 135.41 | 236.48 | OK | |
r-release-macos-arm64 | 4.4.6.3 | 114.00 | NOTE | |||
r-release-macos-x86_64 | 4.4.6.3 | 230.00 | NOTE | |||
r-release-windows-x86_64 | 4.4.6.3 | 71.00 | 213.00 | 284.00 | OK | |
r-oldrel-macos-arm64 | 4.4.6.3 | 112.00 | NOTE | |||
r-oldrel-windows-x86_64 | 4.4.6.3 | 90.00 | 198.00 | 288.00 | OK |
Version: 4.4.6.3
Check: installed package size
Result: NOTE
installed size is 14.8Mb
sub-directories of 1Mb or more:
doc 1.6Mb
libs 12.6Mb
Flavors: r-prerel-macos-arm64, r-release-macos-arm64, r-release-macos-x86_64, r-oldrel-macos-arm64