CRAN Package Check Results for Package simode

Last updated on 2025-01-19 05:49:21 CET.

Flavor Version Tinstall Tcheck Ttotal Status Flags
r-devel-linux-x86_64-debian-clang 1.2.2 10.13 77.17 87.30 OK
r-devel-linux-x86_64-debian-gcc 1.2.2 6.70 55.82 62.52 OK
r-devel-linux-x86_64-fedora-clang 1.2.2 140.30 NOTE
r-devel-linux-x86_64-fedora-gcc 1.2.2 144.89 NOTE
r-devel-windows-x86_64 1.2.2 11.00 93.00 104.00 OK
r-patched-linux-x86_64 1.2.2 9.34 71.78 81.12 OK
r-release-linux-x86_64 1.2.2 9.21 71.62 80.83 OK
r-release-macos-arm64 1.2.2 44.00 OK
r-release-macos-x86_64 1.2.2 68.00 OK
r-release-windows-x86_64 1.2.2 10.00 91.00 101.00 OK
r-oldrel-macos-arm64 1.2.2 48.00 OK
r-oldrel-macos-x86_64 1.2.2 105.00 OK
r-oldrel-windows-x86_64 1.2.2 13.00 105.00 118.00 OK

Check Details

Version: 1.2.2
Check: dependencies in R code
Result: NOTE Namespace in Imports field not imported from: ‘quadprog’ All declared Imports should be used. Flavors: r-devel-linux-x86_64-fedora-clang, r-devel-linux-x86_64-fedora-gcc