Last updated on 2024-04-21 13:55:46 CEST.
Flavor | Version | Tinstall | Tcheck | Ttotal | Status | Flags |
---|---|---|---|---|---|---|
r-devel-linux-x86_64-debian-clang | 0.1.0 | 1.80 | 19.28 | 21.08 | NOTE | |
r-devel-linux-x86_64-debian-gcc | 0.1.0 | 1.48 | 15.31 | 16.79 | NOTE | |
r-devel-linux-x86_64-fedora-clang | 0.1.0 | 28.74 | NOTE | |||
r-devel-linux-x86_64-fedora-gcc | 0.1.0 | 37.23 | NOTE | |||
r-prerel-macos-arm64 | 0.1.0 | 17.00 | NOTE | |||
r-prerel-windows-x86_64 | 0.1.0 | 2.00 | 33.00 | 35.00 | NOTE | |
r-patched-linux-x86_64 | 0.1.0 | 1.70 | 18.33 | 20.03 | NOTE | |
r-release-linux-x86_64 | 0.1.0 | 1.84 | 18.54 | 20.38 | NOTE | |
r-release-macos-arm64 | 0.1.0 | 27.00 | NOTE | |||
r-release-macos-x86_64 | 0.1.0 | 25.00 | NOTE | |||
r-release-windows-x86_64 | 0.1.0 | 2.00 | 35.00 | 37.00 | NOTE | |
r-oldrel-macos-arm64 | 0.1.0 | 20.00 | NOTE | |||
r-oldrel-windows-x86_64 | 0.1.0 | 4.00 | 61.00 | 65.00 | NOTE |
Version: 0.1.0
Check: LazyData
Result: NOTE
'LazyData' is specified without a 'data' directory
Flavors: r-devel-linux-x86_64-debian-clang, r-devel-linux-x86_64-debian-gcc, r-devel-linux-x86_64-fedora-clang, r-devel-linux-x86_64-fedora-gcc, r-prerel-macos-arm64, r-prerel-windows-x86_64, r-patched-linux-x86_64, r-release-linux-x86_64, r-release-macos-arm64, r-release-macos-x86_64, r-release-windows-x86_64, r-oldrel-macos-arm64, r-oldrel-windows-x86_64