CRAN Package Check Results for Package simsalapar

Last updated on 2020-11-23 13:15:33 CET.

Flavor Version Tinstall Tcheck Ttotal Status Flags
r-devel-linux-x86_64-debian-clang 1.0-10 7.40 44.46 51.86 NOTE --no-tests
r-devel-linux-x86_64-debian-gcc 1.0-10 4.64 36.52 41.16 NOTE --no-tests
r-devel-linux-x86_64-fedora-clang 1.0-10 112.90 NOTE
r-devel-linux-x86_64-fedora-gcc 1.0-10 111.35 NOTE
r-devel-windows-ix86+x86_64 1.0-10 13.00 103.00 116.00 OK
r-patched-linux-x86_64 1.0-10 7.23 44.41 51.64 NOTE --no-tests
r-patched-solaris-x86 1.0-10 307.00 NOTE
r-release-linux-x86_64 1.0-10 6.50 43.62 50.12 NOTE --no-tests
r-release-macos-x86_64 1.0-10 NOTE
r-release-windows-ix86+x86_64 1.0-10 16.00 110.00 126.00 OK
r-oldrel-macos-x86_64 1.0-10 NOTE
r-oldrel-windows-ix86+x86_64 1.0-10 7.00 122.00 129.00 OK

Check Details

Version: 1.0-10
Flags: --no-tests
Check: for non-standard things in the check directory
Result: NOTE
    Found the following files/directories:
     'crop_device.pdf'
Flavors: r-devel-linux-x86_64-debian-clang, r-devel-linux-x86_64-debian-gcc, r-patched-linux-x86_64, r-release-linux-x86_64

Version: 1.0-10
Check: for non-standard things in the check directory
Result: NOTE
    Found the following files/directories:
     ‘crop_device.pdf’
Flavors: r-devel-linux-x86_64-fedora-clang, r-devel-linux-x86_64-fedora-gcc, r-patched-solaris-x86

Version: 1.0-10
Check: package dependencies
Result: NOTE
    Package suggested but not available for checking: ‘Rmpi’
Flavors: r-release-macos-x86_64, r-oldrel-macos-x86_64

Version: 1.0-10
Check: Rd cross-references
Result: NOTE
    Package unavailable to check Rd xrefs: ‘Rmpi’
Flavors: r-release-macos-x86_64, r-oldrel-macos-x86_64