Last updated on 2025-01-19 05:49:21 CET.
Flavor | Version | Tinstall | Tcheck | Ttotal | Status | Flags |
---|---|---|---|---|---|---|
r-devel-linux-x86_64-debian-clang | 4.0.0 | 1.60 | 21.44 | 23.04 | OK | |
r-devel-linux-x86_64-debian-gcc | 4.0.0 | 1.42 | 17.72 | 19.14 | OK | |
r-devel-linux-x86_64-fedora-clang | 4.0.0 | 38.77 | OK | |||
r-devel-linux-x86_64-fedora-gcc | 4.0.0 | 51.28 | OK | |||
r-devel-windows-x86_64 | 4.0.0 | 3.00 | 46.00 | 49.00 | OK | |
r-patched-linux-x86_64 | 4.0.0 | 1.50 | 20.39 | 21.89 | NOTE | |
r-release-linux-x86_64 | 4.0.0 | 1.24 | 20.46 | 21.70 | NOTE | |
r-release-macos-arm64 | 4.0.0 | 22.00 | NOTE | |||
r-release-macos-x86_64 | 4.0.0 | 33.00 | NOTE | |||
r-release-windows-x86_64 | 4.0.0 | 3.00 | 44.00 | 47.00 | NOTE | |
r-oldrel-macos-arm64 | 4.0.0 | 23.00 | NOTE | |||
r-oldrel-macos-x86_64 | 4.0.0 | 32.00 | NOTE | |||
r-oldrel-windows-x86_64 | 4.0.0 | 4.00 | 45.00 | 49.00 | NOTE |
Version: 4.0.0
Check: LazyData
Result: NOTE
'LazyData' is specified without a 'data' directory
Flavors: r-patched-linux-x86_64, r-release-linux-x86_64, r-release-macos-arm64, r-release-macos-x86_64, r-release-windows-x86_64, r-oldrel-macos-arm64, r-oldrel-macos-x86_64, r-oldrel-windows-x86_64