CRAN Package Check Results for Package simulariatools

Last updated on 2025-01-19 05:49:21 CET.

Flavor Version Tinstall Tcheck Ttotal Status Flags
r-devel-linux-x86_64-debian-clang 2.5.1 28.97 268.84 297.81 NOTE
r-devel-linux-x86_64-debian-gcc 2.5.1 20.96 171.44 192.40 NOTE
r-devel-linux-x86_64-fedora-clang 2.5.1 477.45 OK
r-devel-linux-x86_64-fedora-gcc 2.5.1 445.54 OK
r-devel-windows-x86_64 2.5.1 27.00 205.00 232.00 NOTE
r-patched-linux-x86_64 2.5.1 33.77 252.76 286.53 OK
r-release-linux-x86_64 2.5.1 26.37 247.41 273.78 OK
r-release-macos-arm64 2.5.1 100.00 OK
r-release-macos-x86_64 2.5.1 178.00 OK
r-release-windows-x86_64 2.5.1 27.00 203.00 230.00 OK
r-oldrel-macos-arm64 2.5.1 96.00 OK
r-oldrel-macos-x86_64 2.5.1 271.00 OK
r-oldrel-windows-x86_64 2.5.1 34.00 285.00 319.00 OK

Check Details

Version: 2.5.1
Check: Rd cross-references
Result: NOTE Found the following Rd file(s) with Rd \link{} targets missing package anchors: stat_hollow_contour.Rd: aes, aes_, borders, layer Please provide package anchors for all Rd \link{} targets not in the package itself and the base packages. Flavors: r-devel-linux-x86_64-debian-clang, r-devel-linux-x86_64-debian-gcc, r-devel-windows-x86_64