Last updated on 2025-01-19 05:49:21 CET.
Flavor | Version | Tinstall | Tcheck | Ttotal | Status | Flags |
---|---|---|---|---|---|---|
r-devel-linux-x86_64-debian-clang | 0.4.0 | 2.52 | 158.57 | 161.09 | OK | |
r-devel-linux-x86_64-debian-gcc | 0.4.0 | 2.09 | 111.24 | 113.33 | OK | |
r-devel-linux-x86_64-fedora-clang | 0.4.0 | 265.17 | OK | |||
r-devel-linux-x86_64-fedora-gcc | 0.4.0 | 290.01 | OK | |||
r-devel-windows-x86_64 | 0.4.0 | 5.00 | 205.00 | 210.00 | OK | |
r-patched-linux-x86_64 | 0.4.0 | 3.98 | 143.80 | 147.78 | OK | |
r-release-linux-x86_64 | 0.4.0 | 2.55 | 145.73 | 148.28 | OK | |
r-release-macos-arm64 | 0.4.0 | 10.00 | ERROR | |||
r-release-macos-x86_64 | 0.4.0 | 244.00 | OK | |||
r-release-windows-x86_64 | 0.4.0 | 6.00 | 204.00 | 210.00 | OK | |
r-oldrel-macos-arm64 | 0.4.0 | 9.00 | ERROR | |||
r-oldrel-macos-x86_64 | 0.4.0 | 282.00 | OK | |||
r-oldrel-windows-x86_64 | 0.4.0 | 6.00 | 229.00 | 235.00 | OK |
Version: 0.4.0
Check: package dependencies
Result: ERROR
Package required but not available: ‘epiparameter’
See section ‘The DESCRIPTION file’ in the ‘Writing R Extensions’
manual.
Flavors: r-release-macos-arm64, r-oldrel-macos-arm64