Last updated on 2025-01-19 05:49:21 CET.
Flavor | Version | Tinstall | Tcheck | Ttotal | Status | Flags |
---|---|---|---|---|---|---|
r-devel-linux-x86_64-debian-clang | 0.1.2 | 37.47 | 115.39 | 152.86 | OK | |
r-devel-linux-x86_64-debian-gcc | 0.1.2 | 26.55 | 83.38 | 109.93 | OK | |
r-devel-linux-x86_64-fedora-clang | 0.1.2 | 260.25 | OK | |||
r-devel-linux-x86_64-fedora-gcc | 0.1.2 | 269.92 | OK | |||
r-devel-windows-x86_64 | 0.1.2 | 36.00 | 154.00 | 190.00 | OK | |
r-patched-linux-x86_64 | 0.1.2 | 31.89 | 107.36 | 139.25 | OK | |
r-release-linux-x86_64 | 0.1.2 | 37.31 | 105.54 | 142.85 | OK | |
r-release-macos-arm64 | 0.1.2 | 72.00 | NOTE | |||
r-release-macos-x86_64 | 0.1.2 | 117.00 | NOTE | |||
r-release-windows-x86_64 | 0.1.2 | 37.00 | 147.00 | 184.00 | OK | |
r-oldrel-macos-arm64 | 0.1.2 | 66.00 | NOTE | |||
r-oldrel-macos-x86_64 | 0.1.2 | 117.00 | NOTE | |||
r-oldrel-windows-x86_64 | 0.1.2 | 50.00 | 184.00 | 234.00 | OK |
Version: 0.1.2
Check: installed package size
Result: NOTE
installed size is 5.4Mb
sub-directories of 1Mb or more:
data 2.3Mb
libs 2.7Mb
Flavors: r-release-macos-arm64, r-release-macos-x86_64, r-oldrel-macos-arm64, r-oldrel-macos-x86_64