Last updated on 2025-01-19 05:49:21 CET.
Flavor | Version | Tinstall | Tcheck | Ttotal | Status | Flags |
---|---|---|---|---|---|---|
r-devel-linux-x86_64-debian-clang | 0.8.1 | 1.48 | 22.03 | 23.51 | NOTE | |
r-devel-linux-x86_64-debian-gcc | 0.8.1 | 1.40 | 17.48 | 18.88 | NOTE | |
r-devel-linux-x86_64-fedora-clang | 0.8.1 | 38.73 | NOTE | |||
r-devel-linux-x86_64-fedora-gcc | 0.8.1 | 37.35 | NOTE | |||
r-devel-windows-x86_64 | 0.8.1 | 3.00 | 44.00 | 47.00 | NOTE | |
r-patched-linux-x86_64 | 0.8.1 | 1.82 | 21.42 | 23.24 | NOTE | |
r-release-linux-x86_64 | 0.8.1 | 1.77 | 21.07 | 22.84 | NOTE | |
r-release-macos-arm64 | 0.8.1 | 18.00 | NOTE | |||
r-release-macos-x86_64 | 0.8.1 | 22.00 | NOTE | |||
r-release-windows-x86_64 | 0.8.1 | 3.00 | 45.00 | 48.00 | NOTE | |
r-oldrel-macos-arm64 | 0.8.1 | 20.00 | NOTE | |||
r-oldrel-macos-x86_64 | 0.8.1 | 24.00 | NOTE | |||
r-oldrel-windows-x86_64 | 0.8.1 | 4.00 | 47.00 | 51.00 | NOTE |
Version: 0.8.1
Check: package subdirectories
Result: NOTE
Problems with news in ‘NEWS.md’:
No news entries found.
Flavors: r-devel-linux-x86_64-debian-clang, r-devel-linux-x86_64-debian-gcc, r-devel-linux-x86_64-fedora-clang, r-devel-linux-x86_64-fedora-gcc, r-devel-windows-x86_64, r-patched-linux-x86_64, r-release-linux-x86_64, r-release-macos-arm64, r-release-macos-x86_64, r-release-windows-x86_64, r-oldrel-macos-arm64, r-oldrel-macos-x86_64, r-oldrel-windows-x86_64