Last updated on 2025-01-19 05:49:21 CET.
Flavor | Version | Tinstall | Tcheck | Ttotal | Status | Flags |
---|---|---|---|---|---|---|
r-devel-linux-x86_64-debian-clang | 0.3.3 | 75.94 | 104.28 | 180.22 | NOTE | |
r-devel-linux-x86_64-debian-gcc | 0.3.3 | 58.90 | 73.12 | 132.02 | NOTE | |
r-devel-linux-x86_64-fedora-clang | 0.3.3 | 325.19 | NOTE | |||
r-devel-linux-x86_64-fedora-gcc | 0.3.3 | 325.62 | NOTE | |||
r-devel-windows-x86_64 | 0.3.3 | 87.00 | 127.00 | 214.00 | NOTE | |
r-patched-linux-x86_64 | 0.3.3 | 78.02 | 94.72 | 172.74 | NOTE | |
r-release-linux-x86_64 | 0.3.3 | 78.75 | 94.53 | 173.28 | NOTE | |
r-release-macos-arm64 | 0.3.3 | 77.00 | NOTE | |||
r-release-macos-x86_64 | 0.3.3 | 98.00 | NOTE | |||
r-release-windows-x86_64 | 0.3.3 | 85.00 | 123.00 | 208.00 | NOTE | |
r-oldrel-macos-arm64 | 0.3.3 | 99.00 | NOTE | |||
r-oldrel-macos-x86_64 | 0.3.3 | 149.00 | NOTE | |||
r-oldrel-windows-x86_64 | 0.3.3 | 94.00 | 160.00 | 254.00 | NOTE |
Version: 0.3.3
Check: C++ specification
Result: NOTE
Specified C++11: please drop specification unless essential
Flavors: r-devel-linux-x86_64-debian-clang, r-devel-linux-x86_64-debian-gcc, r-devel-linux-x86_64-fedora-clang, r-devel-linux-x86_64-fedora-gcc, r-devel-windows-x86_64, r-patched-linux-x86_64, r-release-linux-x86_64, r-release-macos-arm64, r-release-macos-x86_64, r-release-windows-x86_64, r-oldrel-macos-arm64, r-oldrel-macos-x86_64, r-oldrel-windows-x86_64
Version: 0.3.3
Check: installed package size
Result: NOTE
installed size is 7.3Mb
sub-directories of 1Mb or more:
libs 7.0Mb
Flavors: r-release-macos-arm64, r-release-macos-x86_64, r-oldrel-macos-arm64, r-oldrel-macos-x86_64